emainder when 298 is divided by i?
23
Let z(k) = -11*k**3 - k**2 - 13*k - 17. Calculate the remainder when z(-2) is divided by 82.
11
Let y = 24 - -26. Suppose -h - 3 + 29 = q, 0 = 3*q - 4*h - y. Suppose -10*p - 731 = -27*p. What is the remainder when p is divided by q?
21
Suppose j - 272*g = -271*g + 2, 0 = -4*j - 2*g + 32. Calculate the remainder when 5121 is divided by j.
3
Let o(a) = -57*a + 1027. What is the remainder when 226 is divided by o(17)?
52
Let u(z) = z**3 + 13*z**2 + 30*z. Let d be u(-10). Calculate the remainder when 95 is divided by 21 - (2 + d)/2.
15
Suppose 0 = 21*w - 2876 - 7036. Let p = w - 452. What is the remainder when 79 is divided by p?
19
Suppose 8*y = 12*y + 2412. Let u be y/(-24) - 8/64. Suppose 385 = 5*j - u. Calculate the remainder when j is divided by 12.
10
Let t be (-3 - 4/(-8))*-12. Suppose t = 9*y + 3. Suppose -15*h + 552 = -y*h. Calculate the remainder when 135 is divided by h.
43
Suppose -4*n = -5*i + 334, -45*i + 43*i + 5*n = -154. Let v = -52 + 284. What is the remainder when v is divided by i?
46
Suppose -5*x - 1224 = 3*x. Let u be (-34)/x + (-218)/9. Calculate the remainder when (4/6)/(4/u) - -26 is divided by 14.
8
Suppose 5*w + 151 = 2*z, -5*w - 106 = -3*z + 43. What is the remainder when (10 - w)/((-1)/3*-3) is divided by 7?
6
Suppose -2692 = -5*j + 3*f + 622, -5*j + 2*f + 3316 = 0. Calculate the remainder when j is divided by 37.
35
Let d = 1184 - 1050. What is the remainder when 928 is divided by d?
124
Suppose 24 + 13 + 38 = 5*j. What is the remainder when 337 is divided by j?
7
Let k = -2385 - -3203. Calculate the remainder when k is divided by 164.
162
Suppose -3*u + 330 + 9 = 0. Suppose 50 = -7*w + u. Calculate the remainder when 494 is divided by w.
8
Suppose -35 = -x + 5*p, -346*p + 342*p + 44 = x. Calculate the remainder when 3638 is divided by x.
38
Let b(p) = 3*p + 13. Let w(v) = -2*v + 11. Let n be w(0). Suppose -5 - n = -2*i. What is the remainder when b(3) is divided by i?
6
Suppose -2738 = -2*m - 5*n + 6559, 4*m - n - 18561 = 0. Calculate the remainder when m is divided by 43.
40
Let i = -315 + 317. Suppose -i*w + p = 6*p - 200, -p = 0. What is the remainder when w is divided by 33?
1
Let i be (-6)/1*(-56)/84. Suppose 0*m - i*m - 3*p = -279, 0 = -m - 3*p + 81. What is the remainder when 1121 is divided by m?
65
Let j(o) = -5 + 6*o**2 - 5*o**2 - 1 + o**3 - o. Let l = 9 + -6. What is the remainder when j(l) is divided by 7?
6
Let v = -362 + 671. Let m = -289 + v. Calculate the remainder when 64 is divided by m.
4
Suppose -5*x + 90 = -0*x. Let i be ((-72)/16 - -3)*(-2)/3. What is the remainder when (26 - (-7)/7)*i is divided by x?
9
Let l = 110 + -108. Suppose 5*n + 298 = -4*r, -l*r + 4*n = -4*r - 152. What is the remainder when r/16*(121/(-3) + 1) is divided by 15?
12
Suppose -2*d = -24 + 8. Suppose 3*r + 35 = 3*x + d*r, 6 = 2*x - r. Calculate the remainder when x is divided by -9 + 3/(30/100).
0
Let c = 1553 - 1548. Calculate the remainder when 438 is divided by c.
3
Let f be (-1)/3 + 154/21. Suppose 3*i - 15 - 19 = -4*z, -4*i = z - 2. Suppose -z*w = -f*w - 48. What is the remainder when 45 is divided by w?
13
Let l(b) = -10*b + 43. Let m = -234 - -227. What is the remainder when l(m) is divided by 36?
5
Let s be 2 - ((-3)/(-3) - 1). Suppose 3*q + s*z = 239, 0*q - 5*q = z - 389. Let m(f) = -824*f - 3275. Calculate the remainder when q is divided by m(-4).
14
Suppose 0 + 3 = -t. Let v(h) = -h**3 - h**2 + 2*h + 2. What is the remainder when ((-46)/(-3))/(8/36) is divided by v(t)?
13
Let q(h) = h**2 - 13*h + 38. Let x(m) = -m**2 + 6*m + 17. Let j be x(6). Let c be q(j). What is the remainder when 43 is divided by 1/(c/(-54) + 2)?
16
Let m = 5147 - 5139. Calculate the remainder when 3879 is divided by m.
7
Let z(p) = -464*p - 630. What is the remainder when z(-3) is divided by 11?
3
Let u = 72 + -69. Suppose u*j - 93 = -3*i, -j + 23 = 3*i + 2*i. Suppose -v + 2*y = y - j, -y - 1 = 0. Calculate the remainder when v is divided by 17.
15
Suppose -1224 = -24*a - 0*a. Let f(b) = -36*b - 8. What is the remainder when a is divided by f(-1)?
23
Let k = -4511 - -4858. Calculate the remainder when k is divided by 73.
55
Let o = 7421 + -7413. Suppose r + 3*z + 10 = 3, -22 = -2*r + 3*z. Calculate the remainder when o is divided by r.
3
What is the remainder when 1375 is divided by (2 + -281)/(27/297*-11)?
259
Let x(o) = -18*o + 52. Let l(u) = 17*u - 51. Suppose -5*a = 6 - 26. Let g(h) = a*l(h) + 3*x(h). Calculate the remainder when g(6) is divided by 10.
6
Let f(j) = -3*j - 3. Let m be f(-6). Calculate the remainder when (-1 + 3)*(-1071)/(-18) is divided by 3 - 10/m*-57.
37
Let w(c) = -c**3 - 24*c**2 + 18*c + 17. Calculate the remainder when 388 is divided by w(-25).
4
Let l = -192 + 412. Let j = l + -205. What is the remainder when (112/6)/((-2)/(-6)) is divided by j?
11
Let u = 476 + -474. Suppose 0 = u*r - 5*i - 265 + 15, 0 = -3*r + i + 388. What is the remainder when r is divided by 33?
31
Let d be 9/(-6)*4 - 31. Let i = 46 + d. Suppose 2*q - 42 = 44. Calculate the remainder when q is divided by i.
7
Calculate the remainder when 921 is divided by 606/7575 + 3046/50.
6
Suppose 2*j + 7 - 1 = 3*c, c = -3*j + 2. Suppose -4*f + 3*n = -30 - 89, -c*n = f - 27. Calculate the remainder when 1042 is divided by f.
27
Suppose 0 = 72*b - 66*b - 30. Suppose 6*h = h + 2*f + 306, -h + b*f = -52. Let q = -34 + 43. Calculate the remainder when h is divided by q.
8
Let k(j) = -j**3 + 10*j**2 - j + 3. Let b be k(9). Let u = b + -70. What is the remainder when 18 is divided by u?
3
Suppose -25 = -2*h + t + 31, 3*t = -5*h + 151. What is the remainder when 131 is divided by h?
15
Let c = 17192 + -15060. What is the remainder when c is divided by 9?
8
Let x(y) = -345*y + 3515. Calculate the remainder when 3248 is divided by x(10).
63
Suppose -92*r + 96*r = 20. Calculate the remainder when (-2)/(78/16 - r) is divided by 10.
6
Let c(y) = -y**3 + 65*y**2 + 131*y + 333. What is the remainder when 6863 is divided by c(67)?
131
Let g(c) = c**2 + 16*c - 50. Let v be g(-19). Let s(l) = l**3 - 5*l**2 + l - 34. Calculate the remainder when 920 is divided by s(v).
68
Let k(j) = -25*j**3 + 1775*j**2 + 3*j - 76. Let a(b) = b**2 + 3*b - 5. What is the remainder when k(71) is divided by a(6)?
39
Suppose -2162*m = -2181*m + 2147. Calculate the remainder when 2822 is divided by m.
110
Suppose -530 = -2*i + 2*b, i - 93 = 2*b + 177. What is the remainder when i is divided by 129?
2
Let r be (10/(-6))/(4 + 58/(-12)). Suppose -18*q + r*q + 224 = 0. What is the remainder when 36 is divided by q?
8
Suppose -54 = 6*z - 84. Suppose 0 = 4*g - 4*j - 78 - 58, z*g + j - 152 = 0. What is the remainder when 103 is divided by g?
10
Suppose 546 = 13*x - 777 - 458. Calculate the remainder when x is divided by 41.
14
Suppose -11*y = -86 + 9. Suppose 81 + y = 4*z + x, 2*x + 66 = 3*z. What is the remainder when 81 is divided by z?
15
Let q be (12/(-15))/(2/(-5)). Let n(t) = 0*t**3 + 8*t**q - 12*t**2 + t**3 - 5 + 5*t. Calculate the remainder when 26 is divided by n(4).
11
Suppose 0 = 187*z - 7821 + 1089. What is the remainder when 5072 is divided by z?
32
Let v be (-31)/(-2)*-2*13. Let y = -15 - v. Suppose -2*l = -4*k - 172, 4*l - y + 9 = k. Calculate the remainder when l is divided by 20.
16
Let k(p) = -p**3 - 10*p**2 - 20*p - 22. Let o be k(-8). What is the remainder when 36 is divided by 56/(-168)*o*3/(-1)?
6
Let i be -20*(-4)/10 + -6. Suppose 0 = 5*y - 2*u - 35 - 10, -i*u + 54 = 4*y. Calculate the remainder when y is divided by 6.
5
Let g = 11008 - 10923. Calculate the remainder when g is divided by 46.
39
Let s(g) = 31*g**2 + 2*g - 1. Let b be s(-1). Suppose -4*j + b = k - 3*k, 28 = 4*j + 4*k. What is the remainder when 64 is divided by j?
1
Let u(c) = 2*c**2 + 24*c + 11. Let z = -71 + 59. Let y be (-1 + -17)/(z/(-8)). Calculate the remainder when 98 is divided by u(y).
10
Suppose -36 = 3*b + 10*v - 11*v, -v - 36 = 3*b. Let y = b + 139. What is the remainder when y is divided by 43?
41
Let t be ((-9)/(-6) - 2/(-4))*-18. Let f = -36 - t. Suppose 4*l + f*i - 80 = -5*i, 2*i = -l + 20. What is the remainder when 30 is divided by l?
10
Suppose -n - 2 + 21 = 0. Suppose 68*z + 570 = 1590. Calculate the remainder when n is divided by z.
4
Suppose -f = 5*j 